{"id":1239,"date":"2023-03-27T20:02:49","date_gmt":"2023-03-27T18:02:49","guid":{"rendered":"http:\/\/brevka.eu\/?page_id=1239"},"modified":"2023-03-27T20:17:37","modified_gmt":"2023-03-27T18:17:37","slug":"voucher-upominkowy","status":"publish","type":"page","link":"http:\/\/brevka.eu\/index.php\/voucher-upominkowy\/","title":{"rendered":"Voucher upominkowy"},"content":{"rendered":"\t\t<div data-elementor-type=\"wp-page\" data-elementor-id=\"1239\" class=\"elementor elementor-1239\">\n\t\t\t\t\t\t\t\t\t<section class=\"elementor-section elementor-top-section elementor-element elementor-element-86a3935 elementor-section-boxed elementor-section-height-default elementor-section-height-default\" data-id=\"86a3935\" data-element_type=\"section\">\n\t\t\t\t\t\t<div class=\"elementor-container elementor-column-gap-default\">\n\t\t\t\t\t<div class=\"elementor-column elementor-col-50 elementor-top-column elementor-element elementor-element-3f22a53\" data-id=\"3f22a53\" data-element_type=\"column\">\n\t\t\t<div class=\"elementor-widget-wrap elementor-element-populated\">\n\t\t\t\t\t\t\t\t<div class=\"elementor-element elementor-element-24b5190 elementor-invisible elementor-widget elementor-widget-text-editor\" data-id=\"24b5190\" data-element_type=\"widget\" data-settings=\"{&quot;_animation&quot;:&quot;fadeInDown&quot;,&quot;_animation_delay&quot;:200}\" data-widget_type=\"text-editor.default\">\n\t\t\t\t<div class=\"elementor-widget-container\">\n\t\t\t<style>\/*! elementor - v3.9.2 - 21-12-2022 *\/\n.elementor-widget-text-editor.elementor-drop-cap-view-stacked .elementor-drop-cap{background-color:#818a91;color:#fff}.elementor-widget-text-editor.elementor-drop-cap-view-framed .elementor-drop-cap{color:#818a91;border:3px solid;background-color:transparent}.elementor-widget-text-editor:not(.elementor-drop-cap-view-default) .elementor-drop-cap{margin-top:8px}.elementor-widget-text-editor:not(.elementor-drop-cap-view-default) .elementor-drop-cap-letter{width:1em;height:1em}.elementor-widget-text-editor .elementor-drop-cap{float:left;text-align:center;line-height:1;font-size:50px}.elementor-widget-text-editor .elementor-drop-cap-letter{display:inline-block}<\/style>\t\t\t\t<p>Doskona\u0142y pomys\u0142 na prezent<\/p>\t\t\t\t\t\t<\/div>\n\t\t\t\t<\/div>\n\t\t\t\t<div class=\"elementor-element elementor-element-87e8709 animated-slow elementor-invisible elementor-widget elementor-widget-image\" data-id=\"87e8709\" data-element_type=\"widget\" data-settings=\"{&quot;_animation&quot;:&quot;fadeIn&quot;,&quot;_animation_delay&quot;:400}\" data-widget_type=\"image.default\">\n\t\t\t\t<div class=\"elementor-widget-container\">\n\t\t\t<style>\/*! elementor - v3.9.2 - 21-12-2022 *\/\n.elementor-widget-image{text-align:center}.elementor-widget-image a{display:inline-block}.elementor-widget-image a img[src$=\".svg\"]{width:48px}.elementor-widget-image img{vertical-align:middle;display:inline-block}<\/style>\t\t\t\t\t\t\t\t\t\t\t\t<img loading=\"lazy\" decoding=\"async\" width=\"450\" height=\"250\" src=\"http:\/\/brevka.eu\/wp-content\/uploads\/2023\/02\/brevka_prezent.png\" class=\"attachment-large size-large wp-image-761\" alt=\"\" srcset=\"http:\/\/brevka.eu\/wp-content\/uploads\/2023\/02\/brevka_prezent.png 450w, http:\/\/brevka.eu\/wp-content\/uploads\/2023\/02\/brevka_prezent-300x167.png 300w\" sizes=\"auto, 100vw\" \/>\t\t\t\t\t\t\t\t\t\t\t\t\t\t\t<\/div>\n\t\t\t\t<\/div>\n\t\t\t\t<div class=\"elementor-element elementor-element-025c6e2 elementor-invisible elementor-widget elementor-widget-text-editor\" data-id=\"025c6e2\" data-element_type=\"widget\" data-settings=\"{&quot;_animation&quot;:&quot;fadeInDown&quot;,&quot;_animation_delay&quot;:200}\" data-widget_type=\"text-editor.default\">\n\t\t\t\t<div class=\"elementor-widget-container\">\n\t\t\t\t\t\t\t<p>VOUCHER UPOMINKOWY<\/p>\t\t\t\t\t\t<\/div>\n\t\t\t\t<\/div>\n\t\t\t\t<div class=\"elementor-element elementor-element-cf63fea elementor-invisible elementor-widget elementor-widget-text-editor\" data-id=\"cf63fea\" data-element_type=\"widget\" data-settings=\"{&quot;_animation&quot;:&quot;fadeInUp&quot;,&quot;_animation_delay&quot;:400}\" data-widget_type=\"text-editor.default\">\n\t\t\t\t<div class=\"elementor-widget-container\">\n\t\t\t\t\t\t\t<p>Je\u015bli nie masz jeszcze pomys\u0142u na prezent dla najbli\u017cszej osoby &#8230; <b>Voucher b\u0119dzie idealnym prezentem!<\/b><br \/>Voucher mo\u017cna zakupi\u0107 na dowoln\u0105 kwot\u0119 lub us\u0142ug\u0119!<br \/>Spraw swojej drugiej po\u0142\u00f3wce przyjemno\u015b\u0107, <br \/>niech poczuje si\u0119 wyj\u0105tkowo!<\/p>\t\t\t\t\t\t<\/div>\n\t\t\t\t<\/div>\n\t\t\t\t\t<\/div>\n\t\t<\/div>\n\t\t\t\t<div class=\"elementor-column elementor-col-50 elementor-top-column elementor-element elementor-element-98d27f0\" data-id=\"98d27f0\" data-element_type=\"column\">\n\t\t\t<div class=\"elementor-widget-wrap elementor-element-populated\">\n\t\t\t\t\t\t\t\t<div class=\"elementor-element elementor-element-79f177d animated-slow elementor-invisible elementor-widget elementor-widget-image\" data-id=\"79f177d\" data-element_type=\"widget\" data-settings=\"{&quot;_animation&quot;:&quot;fadeIn&quot;,&quot;_animation_delay&quot;:400}\" data-widget_type=\"image.default\">\n\t\t\t\t<div class=\"elementor-widget-container\">\n\t\t\t\t\t\t\t\t\t\t\t\t\t\t\t<img loading=\"lazy\" decoding=\"async\" width=\"841\" height=\"1024\" src=\"http:\/\/brevka.eu\/wp-content\/uploads\/2023\/02\/329585095_6055501487844046_2825500540612540673_n-841x1024.jpg\" class=\"attachment-large size-large wp-image-727\" alt=\"\" srcset=\"http:\/\/brevka.eu\/wp-content\/uploads\/2023\/02\/329585095_6055501487844046_2825500540612540673_n-841x1024.jpg 841w, http:\/\/brevka.eu\/wp-content\/uploads\/2023\/02\/329585095_6055501487844046_2825500540612540673_n-246x300.jpg 246w, http:\/\/brevka.eu\/wp-content\/uploads\/2023\/02\/329585095_6055501487844046_2825500540612540673_n-768x935.jpg 768w, http:\/\/brevka.eu\/wp-content\/uploads\/2023\/02\/329585095_6055501487844046_2825500540612540673_n.jpg 1125w\" sizes=\"auto, 100vw\" \/>\t\t\t\t\t\t\t\t\t\t\t\t\t\t\t<\/div>\n\t\t\t\t<\/div>\n\t\t\t\t\t<\/div>\n\t\t<\/div>\n\t\t\t\t\t\t\t<\/div>\n\t\t<\/section>\n\t\t\t\t\t\t\t<\/div>\n\t\t","protected":false},"excerpt":{"rendered":"<p>Doskona\u0142y pomys\u0142 na prezent VOUCHER UPOMINKOWY Je\u015bli nie masz jeszcze pomys\u0142u na prezent dla najbli\u017cszej osoby &#8230; Voucher b\u0119dzie idealnym prezentem!Voucher mo\u017cna zakupi\u0107 na dowoln\u0105 kwot\u0119 lub us\u0142ug\u0119!Spraw swojej drugiej po\u0142\u00f3wce przyjemno\u015b\u0107, niech poczuje si\u0119 wyj\u0105tkowo!<\/p>\n","protected":false},"author":1,"featured_media":727,"parent":0,"menu_order":0,"comment_status":"closed","ping_status":"closed","template":"","meta":{"footnotes":""},"class_list":["post-1239","page","type-page","status-publish","has-post-thumbnail","hentry"],"_links":{"self":[{"href":"http:\/\/brevka.eu\/index.php\/wp-json\/wp\/v2\/pages\/1239","targetHints":{"allow":["GET"]}}],"collection":[{"href":"http:\/\/brevka.eu\/index.php\/wp-json\/wp\/v2\/pages"}],"about":[{"href":"http:\/\/brevka.eu\/index.php\/wp-json\/wp\/v2\/types\/page"}],"author":[{"embeddable":true,"href":"http:\/\/brevka.eu\/index.php\/wp-json\/wp\/v2\/users\/1"}],"replies":[{"embeddable":true,"href":"http:\/\/brevka.eu\/index.php\/wp-json\/wp\/v2\/comments?post=1239"}],"version-history":[{"count":14,"href":"http:\/\/brevka.eu\/index.php\/wp-json\/wp\/v2\/pages\/1239\/revisions"}],"predecessor-version":[{"id":1264,"href":"http:\/\/brevka.eu\/index.php\/wp-json\/wp\/v2\/pages\/1239\/revisions\/1264"}],"wp:featuredmedia":[{"embeddable":true,"href":"http:\/\/brevka.eu\/index.php\/wp-json\/wp\/v2\/media\/727"}],"wp:attachment":[{"href":"http:\/\/brevka.eu\/index.php\/wp-json\/wp\/v2\/media?parent=1239"}],"curies":[{"name":"wp","href":"https:\/\/api.w.org\/{rel}","templated":true}]}}