{"id":28,"date":"2022-12-21T20:18:53","date_gmt":"2022-12-21T19:18:53","guid":{"rendered":"http:\/\/brevka.eu\/?page_id=28"},"modified":"2023-02-26T12:10:06","modified_gmt":"2023-02-26T11:10:06","slug":"o-mnie","status":"publish","type":"page","link":"http:\/\/brevka.eu\/index.php\/o-mnie\/","title":{"rendered":"O mnie"},"content":{"rendered":"\t\t<div data-elementor-type=\"wp-page\" data-elementor-id=\"28\" class=\"elementor elementor-28\">\n\t\t\t\t\t\t\t\t\t<section class=\"elementor-section elementor-top-section elementor-element elementor-element-16433ca elementor-section-stretched elementor-section-boxed elementor-section-height-default elementor-section-height-default\" data-id=\"16433ca\" data-element_type=\"section\" data-settings=\"{&quot;stretch_section&quot;:&quot;section-stretched&quot;}\">\n\t\t\t\t\t\t<div class=\"elementor-container elementor-column-gap-default\">\n\t\t\t\t\t<div class=\"elementor-column elementor-col-50 elementor-top-column elementor-element elementor-element-c8ab05c\" data-id=\"c8ab05c\" data-element_type=\"column\">\n\t\t\t<div class=\"elementor-widget-wrap elementor-element-populated\">\n\t\t\t\t\t\t\t\t<div class=\"elementor-element elementor-element-8f7499a elementor-invisible elementor-widget elementor-widget-text-editor\" data-id=\"8f7499a\" data-element_type=\"widget\" data-settings=\"{&quot;_animation&quot;:&quot;fadeInDown&quot;,&quot;_animation_delay&quot;:100}\" data-widget_type=\"text-editor.default\">\n\t\t\t\t<div class=\"elementor-widget-container\">\n\t\t\t<style>\/*! elementor - v3.9.2 - 21-12-2022 *\/\n.elementor-widget-text-editor.elementor-drop-cap-view-stacked .elementor-drop-cap{background-color:#818a91;color:#fff}.elementor-widget-text-editor.elementor-drop-cap-view-framed .elementor-drop-cap{color:#818a91;border:3px solid;background-color:transparent}.elementor-widget-text-editor:not(.elementor-drop-cap-view-default) .elementor-drop-cap{margin-top:8px}.elementor-widget-text-editor:not(.elementor-drop-cap-view-default) .elementor-drop-cap-letter{width:1em;height:1em}.elementor-widget-text-editor .elementor-drop-cap{float:left;text-align:center;line-height:1;font-size:50px}.elementor-widget-text-editor .elementor-drop-cap-letter{display:inline-block}<\/style>\t\t\t\t<div>\n<p>Hej! Mam na imi\u0119 Eliza<\/p>\n<\/div>\t\t\t\t\t\t<\/div>\n\t\t\t\t<\/div>\n\t\t\t\t<div class=\"elementor-element elementor-element-2216259 elementor-invisible elementor-widget elementor-widget-text-editor\" data-id=\"2216259\" data-element_type=\"widget\" data-settings=\"{&quot;_animation&quot;:&quot;fadeInUp&quot;,&quot;_animation_delay&quot;:400}\" data-widget_type=\"text-editor.default\">\n\t\t\t\t<div class=\"elementor-widget-container\">\n\t\t\t\t\t\t\t<div>\n<p>Od ponad dw\u00f3ch lat zajmuje si\u0119 profesjonaln\u0105 stylizacj\u0105 brwi. <br><\/p>\n\n<\/div>\t\t\t\t\t\t<\/div>\n\t\t\t\t<\/div>\n\t\t\t\t<div class=\"elementor-element elementor-element-19ebfce elementor-invisible elementor-widget elementor-widget-text-editor\" data-id=\"19ebfce\" data-element_type=\"widget\" data-settings=\"{&quot;_animation&quot;:&quot;fadeInUp&quot;,&quot;_animation_delay&quot;:600}\" data-widget_type=\"text-editor.default\">\n\t\t\t\t<div class=\"elementor-widget-container\">\n\t\t\t\t\t\t\t<div>To nie tylko moja praca ale przede wszystkim ogromna pasja, <br \/><p>w kt\u00f3r\u0105 wk\u0142adam ca\u0142e swoje serce.<\/p><\/div>\t\t\t\t\t\t<\/div>\n\t\t\t\t<\/div>\n\t\t\t\t\t<\/div>\n\t\t<\/div>\n\t\t\t\t<div class=\"elementor-column elementor-col-50 elementor-top-column elementor-element elementor-element-da8409c\" data-id=\"da8409c\" data-element_type=\"column\">\n\t\t\t<div class=\"elementor-widget-wrap elementor-element-populated\">\n\t\t\t\t\t\t\t\t<div class=\"elementor-element elementor-element-77181aa animated-slow elementor-invisible elementor-widget elementor-widget-image\" data-id=\"77181aa\" data-element_type=\"widget\" data-settings=\"{&quot;_animation&quot;:&quot;fadeInRight&quot;,&quot;_animation_delay&quot;:200}\" data-widget_type=\"image.default\">\n\t\t\t\t<div class=\"elementor-widget-container\">\n\t\t\t<style>\/*! elementor - v3.9.2 - 21-12-2022 *\/\n.elementor-widget-image{text-align:center}.elementor-widget-image a{display:inline-block}.elementor-widget-image a img[src$=\".svg\"]{width:48px}.elementor-widget-image img{vertical-align:middle;display:inline-block}<\/style>\t\t\t\t\t\t\t\t\t\t\t\t<img loading=\"lazy\" decoding=\"async\" width=\"950\" height=\"634\" src=\"http:\/\/brevka.eu\/wp-content\/uploads\/2023\/02\/brevka_eliza_02-1024x683.jpg\" class=\"attachment-large size-large wp-image-260\" alt=\"\" srcset=\"http:\/\/brevka.eu\/wp-content\/uploads\/2023\/02\/brevka_eliza_02-1024x683.jpg 1024w, http:\/\/brevka.eu\/wp-content\/uploads\/2023\/02\/brevka_eliza_02-300x200.jpg 300w, http:\/\/brevka.eu\/wp-content\/uploads\/2023\/02\/brevka_eliza_02-768x512.jpg 768w, http:\/\/brevka.eu\/wp-content\/uploads\/2023\/02\/brevka_eliza_02-1536x1024.jpg 1536w, http:\/\/brevka.eu\/wp-content\/uploads\/2023\/02\/brevka_eliza_02-2048x1365.jpg 2048w, http:\/\/brevka.eu\/wp-content\/uploads\/2023\/02\/brevka_eliza_02-2000x1333.jpg 2000w\" sizes=\"auto, 100vw\" \/>\t\t\t\t\t\t\t\t\t\t\t\t\t\t\t<\/div>\n\t\t\t\t<\/div>\n\t\t\t\t\t<\/div>\n\t\t<\/div>\n\t\t\t\t\t\t\t<\/div>\n\t\t<\/section>\n\t\t\t\t<section class=\"elementor-section elementor-top-section elementor-element elementor-element-b66e8f6 elementor-section-stretched elementor-section-boxed elementor-section-height-default elementor-section-height-default\" data-id=\"b66e8f6\" data-element_type=\"section\" data-settings=\"{&quot;stretch_section&quot;:&quot;section-stretched&quot;,&quot;background_background&quot;:&quot;classic&quot;}\">\n\t\t\t\t\t\t\t<div class=\"elementor-background-overlay\"><\/div>\n\t\t\t\t\t\t\t<div class=\"elementor-container elementor-column-gap-default\">\n\t\t\t\t\t<div class=\"elementor-column elementor-col-100 elementor-top-column elementor-element elementor-element-b459ae5\" data-id=\"b459ae5\" data-element_type=\"column\">\n\t\t\t<div class=\"elementor-widget-wrap elementor-element-populated\">\n\t\t\t\t\t\t\t\t<div class=\"elementor-element elementor-element-ce1d518 elementor-widget elementor-widget-text-editor\" data-id=\"ce1d518\" data-element_type=\"widget\" data-widget_type=\"text-editor.default\">\n\t\t\t\t<div class=\"elementor-widget-container\">\n\t\t\t\t\t\t\t<div><p>Jestem perfekcjonistk\u0105 i bardzo zale\u017cy mi na najwy\u017cszej jako\u015bci wykonywanej us\u0142ugi. <\/p><p>W\u0142a\u015bnie dlatego nieustannie podnosz\u0119 swoje umiej\u0119tno\u015bci.<br \/>Szkol\u0119 si\u0119 u najlepszych trener\u00f3w w Polsce, stosuj\u0119 najnowsze techniki w stylizacji brwi oraz profesjonalne produkty.<\/p><p>\u00a0<\/p><\/div>\t\t\t\t\t\t<\/div>\n\t\t\t\t<\/div>\n\t\t\t\t\t<\/div>\n\t\t<\/div>\n\t\t\t\t\t\t\t<\/div>\n\t\t<\/section>\n\t\t\t\t<section class=\"elementor-section elementor-top-section elementor-element elementor-element-4d4ffc5 elementor-section-stretched elementor-section-boxed elementor-section-height-default elementor-section-height-default\" data-id=\"4d4ffc5\" data-element_type=\"section\" data-settings=\"{&quot;stretch_section&quot;:&quot;section-stretched&quot;}\">\n\t\t\t\t\t\t<div class=\"elementor-container elementor-column-gap-default\">\n\t\t\t\t\t<div class=\"elementor-column elementor-col-50 elementor-top-column elementor-element elementor-element-78c56f0\" data-id=\"78c56f0\" data-element_type=\"column\">\n\t\t\t<div class=\"elementor-widget-wrap elementor-element-populated\">\n\t\t\t\t\t\t\t\t<div class=\"elementor-element elementor-element-745b485 animated-slow elementor-invisible elementor-widget elementor-widget-image\" data-id=\"745b485\" data-element_type=\"widget\" data-settings=\"{&quot;_animation&quot;:&quot;fadeInLeft&quot;,&quot;_animation_delay&quot;:200}\" data-widget_type=\"image.default\">\n\t\t\t\t<div class=\"elementor-widget-container\">\n\t\t\t\t\t\t\t\t\t\t\t\t\t\t\t<img loading=\"lazy\" decoding=\"async\" width=\"950\" height=\"700\" src=\"http:\/\/brevka.eu\/wp-content\/uploads\/2023\/02\/brevka_eliza_04-1024x754.jpg\" class=\"attachment-large size-large wp-image-320\" alt=\"\" srcset=\"http:\/\/brevka.eu\/wp-content\/uploads\/2023\/02\/brevka_eliza_04-1024x754.jpg 1024w, http:\/\/brevka.eu\/wp-content\/uploads\/2023\/02\/brevka_eliza_04-300x221.jpg 300w, http:\/\/brevka.eu\/wp-content\/uploads\/2023\/02\/brevka_eliza_04-768x565.jpg 768w, http:\/\/brevka.eu\/wp-content\/uploads\/2023\/02\/brevka_eliza_04-1536x1131.jpg 1536w, http:\/\/brevka.eu\/wp-content\/uploads\/2023\/02\/brevka_eliza_04.jpg 1600w\" sizes=\"auto, 100vw\" \/>\t\t\t\t\t\t\t\t\t\t\t\t\t\t\t<\/div>\n\t\t\t\t<\/div>\n\t\t\t\t\t<\/div>\n\t\t<\/div>\n\t\t\t\t<div class=\"elementor-column elementor-col-50 elementor-top-column elementor-element elementor-element-585333b\" data-id=\"585333b\" data-element_type=\"column\">\n\t\t\t<div class=\"elementor-widget-wrap elementor-element-populated\">\n\t\t\t\t\t\t\t\t<div class=\"elementor-element elementor-element-c3c5807 elementor-invisible elementor-widget elementor-widget-text-editor\" data-id=\"c3c5807\" data-element_type=\"widget\" data-settings=\"{&quot;_animation&quot;:&quot;fadeInDown&quot;,&quot;_animation_delay&quot;:400}\" data-widget_type=\"text-editor.default\">\n\t\t\t\t<div class=\"elementor-widget-container\">\n\t\t\t\t\t\t\t<p>Jestem ekspertk\u0105 w d\u0142ugotrwa\u0142ej stylizacji brwi. <\/p><p>Przychodz\u0105c do mnie masz pewno\u015b\u0107, <br \/>\u017ce zaopiekuj\u0119 si\u0119 Tob\u0105 w 100%.<\/p>\t\t\t\t\t\t<\/div>\n\t\t\t\t<\/div>\n\t\t\t\t<div class=\"elementor-element elementor-element-4b6f8ec elementor-invisible elementor-widget elementor-widget-text-editor\" data-id=\"4b6f8ec\" data-element_type=\"widget\" data-settings=\"{&quot;_animation&quot;:&quot;fadeInUp&quot;,&quot;_animation_delay&quot;:400}\" data-widget_type=\"text-editor.default\">\n\t\t\t\t<div class=\"elementor-widget-container\">\n\t\t\t\t\t\t\t<p>Pi\u0119kno tkwi w ka\u017cdym z nas, pozw\u00f3l, <br \/>\u017ce pomog\u0119 Ci podkre\u015bli\u0107 Twoje.<\/p>\t\t\t\t\t\t<\/div>\n\t\t\t\t<\/div>\n\t\t\t\t<div class=\"elementor-element elementor-element-4bb4f22 elementor-invisible elementor-widget elementor-widget-text-editor\" data-id=\"4bb4f22\" data-element_type=\"widget\" data-settings=\"{&quot;_animation&quot;:&quot;fadeInDown&quot;,&quot;_animation_delay&quot;:100}\" data-widget_type=\"text-editor.default\">\n\t\t\t\t<div class=\"elementor-widget-container\">\n\t\t\t\t\t\t\t<div><p>Najpi\u0119kniej zapraszam do kontaktu<\/p><\/div>\t\t\t\t\t\t<\/div>\n\t\t\t\t<\/div>\n\t\t\t\t<div class=\"elementor-element elementor-element-e088f10 elementor-invisible elementor-widget elementor-widget-text-editor\" data-id=\"e088f10\" data-element_type=\"widget\" data-settings=\"{&quot;_animation&quot;:&quot;fadeInUp&quot;,&quot;_animation_delay&quot;:100}\" data-widget_type=\"text-editor.default\">\n\t\t\t\t<div class=\"elementor-widget-container\">\n\t\t\t\t\t\t\t<div><p>Eliza<\/p><\/div>\t\t\t\t\t\t<\/div>\n\t\t\t\t<\/div>\n\t\t\t\t\t<\/div>\n\t\t<\/div>\n\t\t\t\t\t\t\t<\/div>\n\t\t<\/section>\n\t\t\t\t\t\t\t<\/div>\n\t\t","protected":false},"excerpt":{"rendered":"<p>Hej! Mam na imi\u0119 Eliza Od ponad dw\u00f3ch lat zajmuje si\u0119 profesjonaln\u0105 stylizacj\u0105 brwi. To nie tylko moja praca ale przede wszystkim ogromna pasja, w kt\u00f3r\u0105 wk\u0142adam ca\u0142e swoje serce. Jestem perfekcjonistk\u0105 i bardzo zale\u017cy mi na najwy\u017cszej jako\u015bci wykonywanej us\u0142ugi. W\u0142a\u015bnie dlatego nieustannie podnosz\u0119 swoje umiej\u0119tno\u015bci.Szkol\u0119 si\u0119 u najlepszych trener\u00f3w w Polsce, stosuj\u0119 najnowsze &hellip; <\/p>\n<p class=\"link-more\"><a href=\"http:\/\/brevka.eu\/index.php\/o-mnie\/\" class=\"more-link\">Read more<span class=\"screen-reader-text\"> &#8222;O mnie&#8221;<\/span><\/a><\/p>\n","protected":false},"author":1,"featured_media":263,"parent":0,"menu_order":0,"comment_status":"closed","ping_status":"closed","template":"","meta":{"footnotes":""},"class_list":["post-28","page","type-page","status-publish","has-post-thumbnail","hentry"],"_links":{"self":[{"href":"http:\/\/brevka.eu\/index.php\/wp-json\/wp\/v2\/pages\/28","targetHints":{"allow":["GET"]}}],"collection":[{"href":"http:\/\/brevka.eu\/index.php\/wp-json\/wp\/v2\/pages"}],"about":[{"href":"http:\/\/brevka.eu\/index.php\/wp-json\/wp\/v2\/types\/page"}],"author":[{"embeddable":true,"href":"http:\/\/brevka.eu\/index.php\/wp-json\/wp\/v2\/users\/1"}],"replies":[{"embeddable":true,"href":"http:\/\/brevka.eu\/index.php\/wp-json\/wp\/v2\/comments?post=28"}],"version-history":[{"count":113,"href":"http:\/\/brevka.eu\/index.php\/wp-json\/wp\/v2\/pages\/28\/revisions"}],"predecessor-version":[{"id":686,"href":"http:\/\/brevka.eu\/index.php\/wp-json\/wp\/v2\/pages\/28\/revisions\/686"}],"wp:featuredmedia":[{"embeddable":true,"href":"http:\/\/brevka.eu\/index.php\/wp-json\/wp\/v2\/media\/263"}],"wp:attachment":[{"href":"http:\/\/brevka.eu\/index.php\/wp-json\/wp\/v2\/media?parent=28"}],"curies":[{"name":"wp","href":"https:\/\/api.w.org\/{rel}","templated":true}]}}